{"id":85,"date":"2024-01-03T20:54:42","date_gmt":"2024-01-03T20:54:42","guid":{"rendered":"https:\/\/bahtymm.com\/?page_id=85"},"modified":"2024-01-05T11:31:25","modified_gmt":"2024-01-05T11:31:25","slug":"hakkimizda","status":"publish","type":"page","link":"https:\/\/bahtymm.com\/?page_id=85","title":{"rendered":"Hakk\u0131m\u0131zda"},"content":{"rendered":"\t\t<div data-elementor-type=\"wp-page\" data-elementor-id=\"85\" class=\"elementor elementor-85\">\n\t\t\t\t\t\t<section class=\"elementor-section elementor-top-section elementor-element elementor-element-41f99b06 elementor-section-boxed elementor-section-height-default elementor-section-height-default\" data-id=\"41f99b06\" data-element_type=\"section\" data-settings=\"{&quot;background_background&quot;:&quot;classic&quot;}\">\n\t\t\t\t\t\t\t<div class=\"elementor-background-overlay\"><\/div>\n\t\t\t\t\t\t\t<div class=\"elementor-container elementor-column-gap-default\">\n\t\t\t\t\t<div class=\"elementor-column elementor-col-100 elementor-top-column elementor-element elementor-element-5bb1ef6\" data-id=\"5bb1ef6\" data-element_type=\"column\">\n\t\t\t<div class=\"elementor-widget-wrap elementor-element-populated\">\n\t\t\t\t\t\t<div class=\"elementor-element elementor-element-50de1420 elementor-widget elementor-widget-heading\" data-id=\"50de1420\" data-element_type=\"widget\" data-widget_type=\"heading.default\">\n\t\t\t\t<div class=\"elementor-widget-container\">\n\t\t\t\t\t<h2 class=\"elementor-heading-title elementor-size-default\">Hakk\u0131m\u0131zda<\/h2>\t\t\t\t<\/div>\n\t\t\t\t<\/div>\n\t\t\t\t<div class=\"elementor-element elementor-element-4b5c5dfa elementor-icon-list--layout-inline elementor-align-center elementor-list-item-link-full_width elementor-widget elementor-widget-icon-list\" data-id=\"4b5c5dfa\" data-element_type=\"widget\" data-widget_type=\"icon-list.default\">\n\t\t\t\t<div class=\"elementor-widget-container\">\n\t\t\t\t\t\t\t<ul class=\"elementor-icon-list-items elementor-inline-items\">\n\t\t\t\t\t\t\t<li class=\"elementor-icon-list-item elementor-inline-item\">\n\t\t\t\t\t\t\t\t\t\t<span class=\"elementor-icon-list-text\">Ana Sayfa<\/span>\n\t\t\t\t\t\t\t\t\t<\/li>\n\t\t\t\t\t\t\t\t<li class=\"elementor-icon-list-item elementor-inline-item\">\n\t\t\t\t\t\t\t\t\t\t\t<span class=\"elementor-icon-list-icon\">\n\t\t\t\t\t\t\t<svg aria-hidden=\"true\" class=\"e-font-icon-svg e-fas-angle-right\" viewBox=\"0 0 256 512\" xmlns=\"http:\/\/www.w3.org\/2000\/svg\"><path d=\"M224.3 273l-136 136c-9.4 9.4-24.6 9.4-33.9 0l-22.6-22.6c-9.4-9.4-9.4-24.6 0-33.9l96.4-96.4-96.4-96.4c-9.4-9.4-9.4-24.6 0-33.9L54.3 103c9.4-9.4 24.6-9.4 33.9 0l136 136c9.5 9.4 9.5 24.6.1 34z\"><\/path><\/svg>\t\t\t\t\t\t<\/span>\n\t\t\t\t\t\t\t\t\t\t<span class=\"elementor-icon-list-text\">Hakk\u0131m\u0131zda<\/span>\n\t\t\t\t\t\t\t\t\t<\/li>\n\t\t\t\t\t\t<\/ul>\n\t\t\t\t\t\t<\/div>\n\t\t\t\t<\/div>\n\t\t\t\t\t<\/div>\n\t\t<\/div>\n\t\t\t\t\t<\/div>\n\t\t<\/section>\n\t\t<div class=\"elementor-element elementor-element-57f824c e-flex e-con-boxed e-con e-parent\" data-id=\"57f824c\" data-element_type=\"container\">\n\t\t\t\t\t<div class=\"e-con-inner\">\n\t\t<div class=\"elementor-element elementor-element-8c9d31a e-con-full e-flex e-con e-child\" data-id=\"8c9d31a\" data-element_type=\"container\">\n\t\t\t\t<\/div>\n\t\t<div class=\"elementor-element elementor-element-a66ae17 e-con-full e-flex e-con e-child\" data-id=\"a66ae17\" data-element_type=\"container\">\n\t\t\t\t<div class=\"elementor-element elementor-element-8efc0f9 elementor-widget elementor-widget-image\" data-id=\"8efc0f9\" data-element_type=\"widget\" data-widget_type=\"image.default\">\n\t\t\t\t<div class=\"elementor-widget-container\">\n\t\t\t\t\t\t\t\t\t\t\t\t\t\t\t<img fetchpriority=\"high\" decoding=\"async\" width=\"1600\" height=\"1280\" src=\"https:\/\/bahtymm.com\/wp-content\/uploads\/2024\/01\/598c8705-4b28-45f1-b8bc-96c3fcb281a3.png\" class=\"attachment-full size-full wp-image-117\" alt=\"\" srcset=\"https:\/\/bahtymm.com\/wp-content\/uploads\/2024\/01\/598c8705-4b28-45f1-b8bc-96c3fcb281a3.png 1600w, https:\/\/bahtymm.com\/wp-content\/uploads\/2024\/01\/598c8705-4b28-45f1-b8bc-96c3fcb281a3-300x240.png 300w, https:\/\/bahtymm.com\/wp-content\/uploads\/2024\/01\/598c8705-4b28-45f1-b8bc-96c3fcb281a3-1024x819.png 1024w, https:\/\/bahtymm.com\/wp-content\/uploads\/2024\/01\/598c8705-4b28-45f1-b8bc-96c3fcb281a3-768x614.png 768w, https:\/\/bahtymm.com\/wp-content\/uploads\/2024\/01\/598c8705-4b28-45f1-b8bc-96c3fcb281a3-1536x1229.png 1536w\" sizes=\"(max-width: 1600px) 100vw, 1600px\" \/>\t\t\t\t\t\t\t\t\t\t\t\t\t\t\t<\/div>\n\t\t\t\t<\/div>\n\t\t\t\t<\/div>\n\t\t<div class=\"elementor-element elementor-element-05ca10a e-con-full e-flex e-con e-child\" data-id=\"05ca10a\" data-element_type=\"container\">\n\t\t\t\t<\/div>\n\t\t\t\t\t<\/div>\n\t\t\t\t<\/div>\n\t\t<div class=\"elementor-element elementor-element-91df1fa e-flex e-con-boxed e-con e-parent\" data-id=\"91df1fa\" data-element_type=\"container\">\n\t\t\t\t\t<div class=\"e-con-inner\">\n\t\t<div class=\"elementor-element elementor-element-84adeb8 e-con-full e-flex e-con e-child\" data-id=\"84adeb8\" data-element_type=\"container\">\n\t\t\t\t<div class=\"elementor-element elementor-element-c88af5b elementor-widget elementor-widget-text-editor\" data-id=\"c88af5b\" data-element_type=\"widget\" data-widget_type=\"text-editor.default\">\n\t\t\t\t<div class=\"elementor-widget-container\">\n\t\t\t\t\t\t\t\t\t<p data-sourcepos=\"14:1-14:31\"><strong>Burak Ali Han TEC\u0130M<\/strong><\/p><p>1978 y\u0131l\u0131nda \u0130stanbul\u2019da do\u011fmu\u015ftur. 26 y\u0131ll\u0131k meslek tecr\u00fcbesinin ilk ad\u0131m\u0131n\u0131 1993 y\u0131l\u0131nda \u0130zmir Maliye Meslek Lisesi\u2019ne girerek atm\u0131\u015f, Maliye Okulu\u2019ndan mezun olur olmaz 1996 y\u0131l\u0131nda Maliye Bakanl\u0131\u011f\u0131 Hasan Tahsin Vergi Dairesi Ba\u015fkanl\u0131\u011f\u0131\u2019na memur olarak atanm\u0131\u015ft\u0131r.<\/p><p>2001 y\u0131l\u0131nda Ege \u00dcniversitesi \u0130ktisadi ve \u0130dari Bilimler Fak\u00fcltesi \u0130\u015fletme B\u00f6l\u00fcm\u00fcnden mezun olmu\u015f, 2003 ila 2006 y\u0131llar\u0131 aras\u0131nda Vergi Denetmen Yard\u0131mc\u0131l\u0131\u011f\u0131, 2006 ila 2011 y\u0131llar\u0131 aras\u0131nda Vergi Denetmenli\u011fi, 2011 ila 2014 y\u0131llar\u0131 aras\u0131nda Vergi M\u00fcfetti\u015fli\u011fi g\u00f6revleri ile Maliye Bakanl\u0131\u011f\u0131nda 10 y\u0131ldan fazla Vergi Denetim g\u00f6revlerinde rol alm\u0131\u015ft\u0131r.<\/p><p>2009 ve 2010 y\u0131llar\u0131nda \u0130zmir Vergi Dairesi Ba\u015fkanl\u0131\u011f\u0131 Denetim Koordinasyon M\u00fcd\u00fcrl\u00fc\u011f\u00fc\u2019nde Koordinat\u00f6rl\u00fck yapmas\u0131n\u0131n yan\u0131 s\u0131ra, Maliye Spor Kul\u00fcb\u00fc, Vergi Denetmenleri Derne\u011fi, Maliye Okulu Mezunlar\u0131 Derne\u011fi, Vergi M\u00fcfetti\u015fleri Derne\u011fi gibi Meslek \u00d6rg\u00fctlerinin de y\u00f6netimlerinde bulunmu\u015f olup, halen \u0130zmir Yeminli Mali M\u00fc\u015favirler Odas\u0131 Sosyal Faaliyetler Komisyonunda Saymanl\u0131k g\u00f6revi y\u00fcr\u00fctmektedir.<\/p><p>\u201cKay\u0131t D\u0131\u015f\u0131 Ekonomide Vergi ve Vergi Denetiminin \u00d6nemi\u201d ba\u015fl\u0131kl\u0131 tezi ile Dokuz Eyl\u00fcl \u00dcniversitesi Sosyal Bilimler Fak\u00fcltesi \u0130ktisat Anabilim Dal\u0131nda y\u00fcksek lisans\u0131n\u0131 tamamlam\u0131\u015f, 2008 y\u0131l\u0131nda kazanm\u0131\u015f oldu\u011fu Manisa Celal Bayar \u00dcniversitesi Maliye Anabilim Dal\u0131 Maliye B\u00f6l\u00fcm\u00fcndeki doktora e\u011fitiminde ise \u201cY\u00fcr\u00fctme ile Yarg\u0131 Aras\u0131ndaki Vergi \u0130htilaflar\u0131 ve \u00c7\u00f6z\u00fcm \u00d6nerileri\u201d ba\u015fl\u0131kl\u0131 tez konusunu se\u00e7erek 2010 y\u0131l\u0131nda ders a\u015famas\u0131n\u0131 ba\u015far\u0131yla tamamlam\u0131\u015ft\u0131r.<\/p><p>2014 y\u0131l\u0131n\u0131n ba\u015f\u0131nda vergi m\u00fcfetti\u015fli\u011fi g\u00f6revinden ayr\u0131larak Yeminli Mali M\u00fc\u015favirlik yapmaya ba\u015flam\u0131\u015ft\u0131r. Ayn\u0131 y\u0131l Ba\u011f\u0131ms\u0131z Denet\u00e7i de olarak Ba\u011f\u0131ms\u0131z Denetim hizmeti de vermeye ba\u015flam\u0131\u015ft\u0131r. Yeminli Mali M\u00fc\u015favirlik, Ba\u011f\u0131ms\u0131z Denet\u00e7ilik, Bilirki\u015filik, Konkordato Komiserli\u011fi gibi bir\u00e7ok mesleki ruhsata da sahip olup hakemli mesleki dergilerde bir\u00e7ok makalesi yay\u0131mlanm\u0131\u015ft\u0131r.<\/p><p>2023 y\u0131l\u0131 itibariyle kurulan BAHT Yeminli Mali M\u00fc\u015favirlik A.\u015e\u2019nin iki kurucu orta\u011f\u0131ndan birisidir.<\/p>\t\t\t\t\t\t\t\t<\/div>\n\t\t\t\t<\/div>\n\t\t\t\t<\/div>\n\t\t<div class=\"elementor-element elementor-element-7e81973 e-con-full e-flex e-con e-child\" data-id=\"7e81973\" data-element_type=\"container\">\n\t\t\t\t<div class=\"elementor-element elementor-element-787fbf0 elementor-widget elementor-widget-text-editor\" data-id=\"787fbf0\" data-element_type=\"widget\" data-widget_type=\"text-editor.default\">\n\t\t\t\t<div class=\"elementor-widget-container\">\n\t\t\t\t\t\t\t\t\t<p data-sourcepos=\"14:1-14:31\"><strong>\u00d6zg\u00fcr UYAR<\/strong><\/p><p>1980 y\u0131l\u0131nda Almanya\/Wilhelmshaven\u2019de do\u011fmu\u015ftur. \u0130lk ve orta \u00f6\u011frenimini Manisa-Salihli\u2019de tamamlayan \u00d6zg\u00fcr UYAR, 1997 y\u0131l\u0131nda \u0130zmir Maliye Meslek Lisesinden mezun olarak memuriyet hayat\u0131na \u0130zmir Ta\u015f\u0131tlar Vergi Dairesinde ba\u015flam\u0131\u015ft\u0131r.<\/p><p>2003 y\u0131l\u0131nda Dokuz Eyl\u00fcl \u00dcniversitesi \u0130.\u0130.B.F. Maliye b\u00f6l\u00fcm\u00fcnden mezun olmu\u015f ve 2009 y\u0131l\u0131nda Maliye Bakanl\u0131\u011f\u0131\u2019nda Vergi Denetmen Yard\u0131mc\u0131s\u0131 olarak g\u00f6reve ba\u015flam\u0131\u015f olup 2012 y\u0131l\u0131nda Vergi M\u00fcfetti\u015f Yard\u0131mc\u0131s\u0131, 2013 y\u0131l\u0131nda Vergi M\u00fcfetti\u015fi, 2022 y\u0131l\u0131nda Vergi Ba\u015fm\u00fcfetti\u015fi \u00fcnvan\u0131n\u0131 alm\u0131\u015ft\u0131r.<\/p><p>Maliye Bakanl\u0131\u011f\u0131 b\u00fcnyesinde bir\u00e7ok farkl\u0131 sekt\u00f6re ili\u015fkin vergi incelemeleri ve ara\u015ft\u0131rma g\u00f6revlerinde bulunmu\u015f olup ayr\u0131ca vergi m\u00fcfetti\u015f yard\u0131mc\u0131lar\u0131 ve gelir uzman yard\u0131mc\u0131lar\u0131na verilen e\u011fitimlerde e\u011fitimci olarak g\u00f6revler alm\u0131\u015ft\u0131r.<\/p><p>\u00d6zellikle \u00d6zel T\u00fcketim Vergisi konusunda \u00e7e\u015fitli e\u011fitimler, sunumlar ve toplant\u0131larda Vergi Denetim Kurulu ad\u0131na \u00e7al\u0131\u015fmalarda bulunmu\u015f olup \u00d6zel T\u00fcketim Vergisi iade incelemelerinde kullan\u0131lmak \u00fczere Kurul i\u00e7i inceleme rehberlerinin haz\u0131rlanmas\u0131n\u0131 sa\u011flam\u0131\u015ft\u0131r.<\/p><p>\u00d6te yandan, 4bu\u00e7uk y\u0131l boyunca Vergi Denetim Kurulu Sekt\u00f6rel Denetim Daire Ba\u015fkanl\u0131\u011f\u0131 Rapor De\u011ferlendirme Komisyon \u00fcyeli\u011finde bulunmu\u015ftur.<\/p><p>2017 y\u0131l\u0131 itibariyle T\u00dcRMOB taraf\u0131ndan a\u00e7\u0131lan Yeminli Mali M\u00fc\u015favirlik s\u0131navlar\u0131n\u0131 ba\u015far\u0131yla tamamlayarak ruhsat almaya hak kazanm\u0131\u015ft\u0131r. 2023 y\u0131l\u0131 itibariyle 25 y\u0131ll\u0131k kamu hizmetini tamamlayarak emekliye ayr\u0131lm\u0131\u015f olup Yeminli Mali M\u00fc\u015favir olarak \u00e7al\u0131\u015fmaya ba\u015flam\u0131\u015ft\u0131r.<\/p><p>Ayn\u0131 y\u0131lda kurulan BAHT Yeminli Mali M\u00fc\u015favirlik A.\u015e.\u2019nin iki kurucu orta\u011f\u0131ndan birisidir.<\/p>\t\t\t\t\t\t\t\t<\/div>\n\t\t\t\t<\/div>\n\t\t<div class=\"elementor-element elementor-element-740f64e e-con-full e-flex e-con e-child\" data-id=\"740f64e\" data-element_type=\"container\">\n\t\t\t\t<\/div>\n\t\t\t\t<\/div>\n\t\t\t\t\t<\/div>\n\t\t\t\t<\/div>\n\t\t\t\t<section class=\"elementor-section elementor-top-section elementor-element elementor-element-38416d91 elementor-section-content-middle elementor-section-boxed elementor-section-height-default elementor-section-height-default\" data-id=\"38416d91\" data-element_type=\"section\" data-settings=\"{&quot;background_background&quot;:&quot;classic&quot;}\">\n\t\t\t\t\t\t<div class=\"elementor-container elementor-column-gap-default\">\n\t\t\t\t\t<div class=\"elementor-column elementor-col-100 elementor-top-column elementor-element elementor-element-4f061ac6\" data-id=\"4f061ac6\" data-element_type=\"column\">\n\t\t\t<div class=\"elementor-widget-wrap elementor-element-populated\">\n\t\t\t\t\t\t<section class=\"elementor-section elementor-inner-section elementor-element elementor-element-423ec09f elementor-section-boxed elementor-section-height-default elementor-section-height-default\" data-id=\"423ec09f\" data-element_type=\"section\">\n\t\t\t\t\t\t<div class=\"elementor-container elementor-column-gap-no\">\n\t\t\t\t\t<div class=\"elementor-column elementor-col-50 elementor-inner-column elementor-element elementor-element-2936494b\" data-id=\"2936494b\" data-element_type=\"column\">\n\t\t\t<div class=\"elementor-widget-wrap elementor-element-populated\">\n\t\t\t\t\t\t<div class=\"elementor-element elementor-element-1e9d6c9d ekit-equal-height-disable elementor-widget elementor-widget-elementskit-icon-box\" data-id=\"1e9d6c9d\" data-element_type=\"widget\" data-widget_type=\"elementskit-icon-box.default\">\n\t\t\t\t<div class=\"elementor-widget-container\">\n\t\t\t\t\t<div class=\"ekit-wid-con\" >        <!-- link opening -->\n                <!-- end link opening -->\n\n        <div class=\"elementskit-infobox text-center text-center icon-top-align elementor-animation-   \">\n                    <div class=\"elementskit-box-header elementor-animation-\">\n                <div class=\"elementskit-info-box-icon  \">\n                    <i aria-hidden=\"true\" class=\"elementkit-infobox-icon icon icon-badge\"><\/i>\n                <\/div>\n          <\/div>\n                        <div class=\"box-body\">\n                            <h3 class=\"elementskit-info-box-title\">\n                    11                <\/h3>\n                        \t\t  <p>Y\u0131ll\u0131k YMM Tecr\u00fcbesi<\/p>\n                                <\/div>\n        \n        \n                <\/div>\n        <\/div>\t\t\t\t<\/div>\n\t\t\t\t<\/div>\n\t\t\t\t\t<\/div>\n\t\t<\/div>\n\t\t\t\t<div class=\"elementor-column elementor-col-50 elementor-inner-column elementor-element elementor-element-120cc90c\" data-id=\"120cc90c\" data-element_type=\"column\">\n\t\t\t<div class=\"elementor-widget-wrap elementor-element-populated\">\n\t\t\t\t\t\t<div class=\"elementor-element elementor-element-49bcf762 ekit-equal-height-disable elementor-widget elementor-widget-elementskit-icon-box\" data-id=\"49bcf762\" data-element_type=\"widget\" data-widget_type=\"elementskit-icon-box.default\">\n\t\t\t\t<div class=\"elementor-widget-container\">\n\t\t\t\t\t<div class=\"ekit-wid-con\" >        <!-- link opening -->\n                <!-- end link opening -->\n\n        <div class=\"elementskit-infobox text-center text-center icon-top-align elementor-animation-   \">\n                    <div class=\"elementskit-box-header elementor-animation-\">\n                <div class=\"elementskit-info-box-icon  \">\n                    <i aria-hidden=\"true\" class=\"elementkit-infobox-icon icon icon-team\"><\/i>\n                <\/div>\n          <\/div>\n                        <div class=\"box-body\">\n                            <h3 class=\"elementskit-info-box-title\">\n                    28                <\/h3>\n                        \t\t  <p>Ki\u015filik Ekip<\/p>\n                                <\/div>\n        \n        \n                <\/div>\n        <\/div>\t\t\t\t<\/div>\n\t\t\t\t<\/div>\n\t\t\t\t\t<\/div>\n\t\t<\/div>\n\t\t\t\t\t<\/div>\n\t\t<\/section>\n\t\t\t\t\t<\/div>\n\t\t<\/div>\n\t\t\t\t\t<\/div>\n\t\t<\/section>\n\t\t\t\t<\/div>\n\t\t","protected":false},"excerpt":{"rendered":"<p>Hakk\u0131m\u0131zda Ana Sayfa Hakk\u0131m\u0131zda Burak Ali Han TEC\u0130M 1978 y\u0131l\u0131nda \u0130stanbul\u2019da do\u011fmu\u015ftur. 26 y\u0131ll\u0131k meslek tecr\u00fcbesinin ilk ad\u0131m\u0131n\u0131 1993 y\u0131l\u0131nda \u0130zmir Maliye Meslek Lisesi\u2019ne girerek atm\u0131\u015f, Maliye Okulu\u2019ndan mezun olur olmaz 1996 y\u0131l\u0131nda Maliye Bakanl\u0131\u011f\u0131 Hasan Tahsin Vergi Dairesi Ba\u015fkanl\u0131\u011f\u0131\u2019na memur olarak atanm\u0131\u015ft\u0131r. 2001 y\u0131l\u0131nda Ege \u00dcniversitesi \u0130ktisadi ve \u0130dari Bilimler Fak\u00fcltesi \u0130\u015fletme B\u00f6l\u00fcm\u00fcnden mezun [&hellip;]<\/p>\n","protected":false},"author":1,"featured_media":0,"parent":0,"menu_order":0,"comment_status":"closed","ping_status":"closed","template":"elementor_header_footer","meta":{"footnotes":""},"_links":{"self":[{"href":"https:\/\/bahtymm.com\/index.php?rest_route=\/wp\/v2\/pages\/85"}],"collection":[{"href":"https:\/\/bahtymm.com\/index.php?rest_route=\/wp\/v2\/pages"}],"about":[{"href":"https:\/\/bahtymm.com\/index.php?rest_route=\/wp\/v2\/types\/page"}],"author":[{"embeddable":true,"href":"https:\/\/bahtymm.com\/index.php?rest_route=\/wp\/v2\/users\/1"}],"replies":[{"embeddable":true,"href":"https:\/\/bahtymm.com\/index.php?rest_route=%2Fwp%2Fv2%2Fcomments&post=85"}],"version-history":[{"count":68,"href":"https:\/\/bahtymm.com\/index.php?rest_route=\/wp\/v2\/pages\/85\/revisions"}],"predecessor-version":[{"id":589,"href":"https:\/\/bahtymm.com\/index.php?rest_route=\/wp\/v2\/pages\/85\/revisions\/589"}],"wp:attachment":[{"href":"https:\/\/bahtymm.com\/index.php?rest_route=%2Fwp%2Fv2%2Fmedia&parent=85"}],"curies":[{"name":"wp","href":"https:\/\/api.w.org\/{rel}","templated":true}]}}